*3 - 6*y**2 - y - 1. Let z be u(-6). Let p(t) = -13*t - 7. Let r(h) = z*p(h) + 6*v(h). What are the prime factors of r(2)?
3, 13
Let v(n) = 7*n**3 - 5*n**2 - 2*n + 24. What are the prime factors of v(4)?
2, 3
Suppose -13423 = 23*v - 38309. What are the prime factors of v?
2, 541
Let u(m) = -m**2 + 11*m + 10. Let y be u(10). Let k(g) = g**3 - 20*g**2 + 2*g + 46. What are the prime factors of k(y)?
2, 43
Suppose 0 = w - 4*m - 165, 2*m = -5*w + m + 909. Suppose -2*u = -p - w, -p = -u - 3*p + 78. Suppose -5*z + u = 28. What are the prime factors of z?
2, 3
Suppose -26*d + 24*d = -2938. What are the prime factors of d?
13, 113
Let o(w) = 3*w**2 - 3*w - 419. What are the prime factors of o(38)?
29, 131
Let j = 10 - 3. Suppose -4*o + 48 = -0*o + 3*b, -o + 4*b = j. Suppose 0 = 4*i - o*i + 150. List the prime factors of i.
2, 3, 5
Suppose 5*q = 2*l - 156 + 3731, 2*l - 727 = -q. List the prime factors of q.
3, 239
Let f = 13 + -9. Let i = 8 - f. Suppose 0 = o - 2, 0 = -n - 3*n - i*o + 40. List the prime factors of n.
2
Suppose 3*y - 3*f = -2*f + 4, 5*f = -2*y - 20. Suppose y = 3*z - 0*z. Suppose 3*r + 0*r - 18 = z. List the prime factors of r.
2, 3
Let b(a) = -a**3 - 44*a**2 + 6*a + 44. List the prime factors of b(-45).
7, 257
Let b = -362 + 671. What are the prime factors of b?
3, 103
Suppose 9*m - 85 = 4*m. Suppose 0 = 7*a - 6*a - m. List the prime factors of a.
17
Suppose l = -h + 1199, 0 = -3*l - 43*h + 42*h + 3593. List the prime factors of l.
3, 7, 19
Suppose 27 = -2*d + 3*o - 58, -3*d + o - 131 = 0. Let v = d - -49. What are the prime factors of v?
5
Let q = 35 - -52. Let a = 103 - q. List the prime factors of a.
2
Let i = -50 + 131. What are the prime factors of (194/(-3))/(9/(i/(-6)))?
97
Suppose 0*y + 2*y - 5*c - 312 = 0, c = 3*y - 468. Let p = y - 74. List the prime factors of p.
2, 41
Suppose 0 = -5*s - 16 - 74. Let g = 105 + s. What are the prime factors of g?
3, 29
Let s(g) = 3*g + 3. Let n be s(-1). Suppose -5*j + 1055 = -n*j. Suppose 0 = 4*d + d - 2*q - 357, 3*d - j = 2*q. List the prime factors of d.
73
Suppose -4*o = -0*j - 3*j - 18, 2 = j. Let d be 15/(-10) + 27/o. Suppose -c = d*c - 120. List the prime factors of c.
2, 3, 5
Let a(x) = -6*x**3 + 19*x**2 - 8*x + 10. Let p be a(5). Let l = p - -538. List the prime factors of l.
233
Let z = -34 + 106. Suppose 19*g - 20*g + z = 0. List the prime factors of g.
2, 3
What are the prime factors of 269*((-2)/(-6) - (-2)/3)?
269
Let c be (-75)/6*32/(-20). What are the prime factors of 3 + 36*c/15?
3, 17
Let v = 115 + -69. Let m = 48 - 52. Let k = v + m. What are the prime factors of k?
2, 3, 7
Let a = -3 + -120. Let r = 272 + a. List the prime factors of r.
149
Let y(r) = 6*r - 14. Let l be y(3). Suppose -7*u = -l*u + 2*p - 453, 4*u - 590 = 2*p. What are the prime factors of u?
149
Let s be 0/(3 - 20/4). Suppose -6*h = -s*h - 414. What are the prime factors of h?
3, 23
Suppose -4*n - 4*h = -11564, -2*n - h - 5797 = -4*n. What are the prime factors of n?
2, 181
Suppose -7*d + 0*d = 56. Let b = d - -11. Suppose -5*f - 106 = -b*k + 25, 2*f = -5*k + 270. What are the prime factors of k?
2, 13
Let x = -4202 - -6701. List the prime factors of x.
3, 7, 17
Suppose 0 = 2*y + t + 34, 62 = -5*y + 4*t - 49. Let j = y + 20. What are the prime factors of j/4 - (-182)/8?
23
Suppose 1300 = 17*d + 297. What are the prime factors of d?
59
Let p be (1 + (-20)/6)*(36 + -39). Suppose p*l = l + 732. List the prime factors of l.
2, 61
Let i be 1/4*4 + -5. Let x(f) = 44*f. Let n be x(5). List the prime factors of (-6)/i*n/6.
5, 11
Let a = -5 + 8. Suppose -2 = -3*x + 2*x - 2*w, -4*w = 0. Suppose 3*y = -x*u + 65, -a*u - 17 + 125 = 5*y. List the prime factors of y.
3, 7
Let b(a) = a**3 - 17*a**2 + 14*a - 1. Let h(c) = c**2 - c - 1. Let l(d) = -b(d) - 6*h(d). What are the prime factors of l(7)?
3, 7
Let l(o) = -9*o. Let q = 5 + -8. Let s be (q/(-2))/(6/(-8)). List the prime factors of l(s).
2, 3
Let k = 57 + -23. Let b = k - 8. Suppose 4*q - 26 = b. What are the prime factors of q?
13
Suppose 12*s - 35 = 11*s. Let j = s - -57. List the prime factors of j.
2, 23
Suppose 10 = 5*y - 0*v + 3*v, 5*y - 4*v = 10. Suppose -y*x = -5*o + 10, 3*x + 3 = -5*o + 13. List the prime factors of (-3 + o)/1*-18.
2, 3
Let n be (35/20)/(2/8). Let m(w) = 5*w - 6. What are the prime factors of m(n)?
29
Let u(o) = -133*o + 146. List the prime factors of u(-11).
1609
Let j be (-1)/3 - (-30)/9. Suppose j*f - 138 = 3*n, -5*f - 2*n = -0*f - 230. List the prime factors of f.
2, 23
Suppose -3*h - 2*u + 4307 = 0, -1449 = -h - 51*u + 47*u. What are the prime factors of h?
1433
Let i(d) = -2*d + 24. Suppose -u - c = -0*u, 0 = -2*u - 5*c + 6. Let z be (-2 - -2)*u/4. List the prime factors of i(z).
2, 3
Let h(s) = -s**3 + 7*s**2 - 4*s - 8. Let u be h(6). Suppose u - 98 = -2*t. List the prime factors of t.
47
Let u(s) = 7*s - 10. Let v(d) = 15*d - 20. Let i(f) = 13*u(f) - 6*v(f). Let m be i(5). List the prime factors of 2*(-2 - m) - 0.
2, 3
Let s(o) = o**2 + 3*o + 6. Let h be s(-6). Suppose -3*w + 5*j + 21 = 2*j, -4*j = -3*w + h. Let p(x) = -x**3 + 5*x**2 + x + 5. List the prime factors of p(w).
5
Suppose -52*t = -59*t + 2100. What are the prime factors of t?
2, 3, 5
Let v = 485 - -43. What are the prime factors of v?
2, 3, 11
Let v(s) = 2*s + 2. Let n be v(5). Suppose -n*g - 35 = -17*g. List the prime factors of g.
7
Let m = -338 - -719. List the prime factors of m.
3, 127
Suppose 17*q - 2*q = 2520. What are the prime factors of q?
2, 3, 7
Suppose 142 = 2*o - d, -3*o - 4*d + 135 + 78 = 0. Suppose 4*a + 3*c = o, c + c - 52 = -3*a. List the prime factors of a.
2, 7
Let q be 1 + -612 + 0/(-18). Let f = -392 - q. Suppose 3*i - f = -78. List the prime factors of i.
47
Let d = -128 + 490. List the prime factors of d.
2, 181
Suppose q - 50 = 3*d, -5*d - 3*q - 34 = 26. What are the prime factors of (-40)/d*27 + (-6 - -2)?
2, 17
Let m = -20 + 23. What are the prime factors of 0*m/(-18) + 1 + 35?
2, 3
Let r be (-177)/4 + (-4)/(-16). Let y = 129 + -63. Let w = y + r. List the prime factors of w.
2, 11
What are the prime factors of 28692/42 - 36/(-42)?
2, 3, 19
Let y(f) = -f**3 - 6*f**2 + 9*f - 4. Let g be y(-7). What are the prime factors of (6*g/(-16))/(3/56)?
2, 3, 7
Suppose 0 = -q - 56 - 48. Let w be (q/(-5))/((-2)/10). Let j = 154 + w. What are the prime factors of j?
2, 5
Let t be (2/3)/(2/36). List the prime factors of 284/t - (-8)/(-12).
23
Suppose -50*o = -53*o + 2*i + 215, 0 = o - 2*i - 65. What are the prime factors of o?
3, 5
Let y(r) = -r**2 + 9*r - 8. Let j be y(8). Suppose o - 6 = -n, j*n - 26 = -3*n + 5*o. What are the prime factors of 34/n - (-2)/14?
5
Let g be 3/(-6) - 9/(-6) - -404. Suppose -3*f - 5*s = -4*f + 114, 4*f = 3*s + g. What are the prime factors of f?
3, 11
Let c be (-5)/10 - (-44)/8. Let h(u) = 75*u**2 - c*u + 5*u - 1 - 2*u. What are the prime factors of h(-1)?
2, 19
Let b(m) = -73 + 8*m - 43 + 10 + 12*m. List the prime factors of b(20).
2, 3, 7
Suppose -y - y - 20 = 0. Let o(j) = 2*j**2 + 3*j + 2. List the prime factors of o(y).
2, 43
Let c(h) = 2*h**3 + 7*h**2 - 22*h + 182. What are the prime factors of c(12)?
2, 7, 313
Let h be 2/3 + 22/3. Suppose -h + 2 = -2*z. Suppose 6 = -2*d - 2*i + 30, -5*d = -z*i - 92. What are the prime factors of d?
2
Suppose 0 = 4*y - 20 - 12. Suppose 2*n + y = 0, 0 = 2*u + 4*n + n - 140. What are the prime factors of u?
2, 5
Suppose 2*x - 2405 = -855. What are the prime factors of x?
5, 31
Let g = -14 + 18. Let k = g - 0. Suppose -4*j - 2*x = -100, -5*x = -k*j + 106 + 8. What are the prime factors of j?
2, 13
Let c = -933 - -1473. What are the prime factors of c?
2, 3, 5
Suppose 0 = c + c - 14. Suppose 5*i = c + 8. List the prime factors of 38/i - (-8)/(-12).
2, 3
Let m(s) = -25*s + 43. What are the prime factors of m(-9)?
2, 67
Suppose 0*b - 66 = 2*b. Let u = b + 88. What are the prime factors of u?
5, 11
Suppose -22*l + 33 + 99 = 0. Suppose -2192 = l*v - 22*v. What are the prime factors of v?
137
Let g be -4*(2 - 11/4). Suppose g = 5*d - 7. Suppose d*q - 12 = -q, 0 = -2*t - 5*q + 72. List the prime factors of t.
2, 13
Let t(l) = 23*l - 93. What are the prime factors of t(20)?
367
Let z = -37 + 39. Suppose -z*s - 2*r + 6*r = 20, 4*r = -3*s + 20. Suppose s*h - 42 = -3*h. What are the prime factors of h?